 - d. What are the prime factors of z(-6)?
11
Let u = 3153 + 61980. List the prime factors of u.
3, 7237
What are the prime factors of 514130/35 + (-136)/(-238)?
2, 5, 13, 113
Let k be 4/10 - (98/(-5) + -5). Suppose -c = -25 + k. Suppose 5*a + c*a = 725. List the prime factors of a.
5, 29
Suppose -139719 - 427953 = -21*c. What are the prime factors of c?
2, 31, 109
Suppose -56*o + 1396447 = 127*o - 2219633. What are the prime factors of o?
2, 5, 13, 19
Let g be (61568/72 - -2) + 3/(-27). Let h = g - 413. List the prime factors of h.
2, 3, 37
Let i = 28 - -6. Suppose -37*r = -i*r - 3036. What are the prime factors of r?
2, 11, 23
Suppose -3*l + 2*p + 428 = -3*p, -2*p + 4 = 0. Let y = 156 + l. List the prime factors of y.
2, 151
Suppose 0 = -3*y + 8*y - 15. Suppose -5*v + 30 = -5*a, -5*a + v - y*v = 9. List the prime factors of (381/15 + 0)*(2 - a).
127
Let a(x) = 80*x**3 + x**2. Let w be a(1). Let r(b) = -2 + w*b - 5 + 5. List the prime factors of r(1).
79
Let r(y) = y**2 - 5*y + 4. Let v be r(10). Let s = v - 50. List the prime factors of s/(-10) - (-2121)/15.
3, 47
Suppose -s + 15*k + 2192 = 11*k, 0 = -4*s - 5*k + 8600. What are the prime factors of s?
2, 3, 5
Let v = 1819 + -1501. List the prime factors of v.
2, 3, 53
Suppose -q - 3*c = -32, 5*q - 2*c = 9*q - 128. List the prime factors of (q/5)/(42/(-1400))*-3.
2, 5
List the prime factors of ((-53720)/(-13))/2 - (-57)/(8892/(-24)).
2, 1033
Suppose p + 4*p + 2*s - 7 = 0, s = -5*p + 11. Suppose -4*l - 5*a + 81 = -4*a, p*l - a = 52. What are the prime factors of l?
19
Suppose -l - p + 98 = 0, 0*l = -l - 4*p + 110. Suppose g - l = 60. List the prime factors of g.
2, 7, 11
Let k be -2 + ((-14)/(-35))/((-2)/(-10)). Suppose -3*q + 215 + 13 = k. List the prime factors of q.
2, 19
Let w(r) = -12*r + 9*r**2 - r + 2*r**3 - 6*r**3 + 12 + 3*r**3. List the prime factors of w(6).
2, 3, 7
Let u = -471 - -592. Let r = -12 + u. What are the prime factors of r?
109
Let n(d) = -17*d - 6. Let k be n(-4). Suppose -6*s - k = -368. List the prime factors of s.
3, 17
Let x(f) = -f**2 + f - 1. Let t(g) = -2*g**2 + 4*g - 191. Let d(w) = -t(w) + 3*x(w). Let v be d(0). What are the prime factors of v - (0 + (1 - 0))?
11, 17
What are the prime factors of (13/(182/21))/(-9*(-6)/268560)?
2, 5, 373
Suppose 2*c + w + 30 = 0, 0*c - 3*c = -2*w + 59. Let b = c - -27. Suppose -2*f = 3*f - 3*y - b, 0 = -4*f - 4*y + 8. What are the prime factors of f?
2
Suppose 67257 - 1156767 - 61731 = -21*a. What are the prime factors of a?
13, 4217
Suppose -373 = -2*l + 4197. Suppose 4*z + z - l = 0. What are the prime factors of z?
457
Let k = 33 + -29. Suppose 3*h + 4*u - 6 = 0, 6*h - k*u - 6 = 3*h. Suppose 9 + 5 = h*m. List the prime factors of m.
7
Let g(x) = 0*x - 6*x**2 + x + 7*x**2. Let o(u) = 2*u**3 - 4*u**2 - 6*u. Let r(s) = -5*g(s) - o(s). What are the prime factors of r(-3)?
2, 3, 7
Let i(o) = -12*o - 36. Let q be i(-3). Suppose 4*p - 5220 = -37*r + 33*r, q = -3*p - 4*r + 3915. What are the prime factors of p?
3, 5, 29
Let y(t) = 28*t**3 - t**2 + 3*t - 3. Let b be y(1). Let u be 68/36 + 3/b. Suppose -106 = -2*l + s + 3*s, -u*l - 4*s + 74 = 0. What are the prime factors of l?
3, 5
Let r(y) = y**3 + 2*y**2 - y + 2. Let n be r(4). Let s = -2 + -59. Let g = n + s. List the prime factors of g.
3, 11
Let x(p) = 33*p**2 - 52*p + 486. What are the prime factors of x(19)?
11411
Suppose -6*r = -3*r + 5*n - 35, n = 4. Suppose 2*j + 210 = k, -1030 = -0*k - 5*k + r*j. List the prime factors of k.
2, 101
Suppose 12 = 18*l - 24. List the prime factors of 841/l + ((-6)/(-12) - 0).
421
Suppose 4*z - 3*s = 22963 + 241, 3*z - 17420 = -2*s. List the prime factors of z.
2, 1451
Suppose 18*w = 4*w + 266. Suppose 0 = -8*s + w*s - 12155. Suppose -8*p + 87 = -s. List the prime factors of p.
149
Let c(g) = -40*g - 78. Let l be c(-20). Let j = l - 319. What are the prime factors of j?
13, 31
Suppose 26 = 4*s - s + 4*g, 2*s + g - 9 = 0. What are the prime factors of 4 - (-558 + 8/s)*1?
2, 3, 31
Let i(x) = 385*x**2 + 3*x + 17. List the prime factors of i(-2).
3, 11, 47
Let p(j) = j**3 + 18*j**2 - 1. Let k be p(-18). List the prime factors of 2/3*(891/(-18))/k.
3, 11
Let f = -10 + 14. Suppose 2*z - f = c + 6, -2 = -z - c. Suppose z*v + 28 = 156. List the prime factors of v.
2
Suppose 189 - 183 = -6*m. Let k(t) = -669*t**3 + t**2 + t - 1. List the prime factors of k(m).
2, 167
Suppose 0 = -100*c + 179515 + 158885. What are the prime factors of c?
2, 3, 47
Let o(u) = 2*u**2 - 25*u + 17. Let l be 294/24 + 1/(-4). Let d be o(l). Suppose 0 = -5*f - 5*x + 60, 0*x + d*x = 5*f - 80. What are the prime factors of f?
2, 7
Let o(m) = -m**3 - m**2 - m + 5. Let v be o(0). Suppose 2*f = 0, -v*l + 5*f + 1350 = -1180. List the prime factors of l.
2, 11, 23
Let w(c) = -92*c**3 - 21*c**2 - 38*c - 9. Let f(t) = -46*t**3 - 11*t**2 - 20*t - 5. Let r(h) = -11*f(h) + 6*w(h). What are the prime factors of r(-2)?
5, 73
Suppose -i - 140 = -15*i. Let f(m) = 37*m - 82. What are the prime factors of f(i)?
2, 3
Let n(s) be the first derivative of s**7/840 + s**6/40 - s**4/12 + s**3/3 + 6. Let o(b) be the third derivative of n(b). What are the prime factors of o(-5)?
2, 7
Let i be (15/45)/((-1317)/(-657) + -2). Suppose 28*y - 4329 = -i. List the prime factors of y.
2, 19
Suppose -a + 29869 = -2*l, 6*a - 4*a + 3*l = 59787. What are the prime factors of a?
3, 7, 1423
Suppose 51*c = 129*c - 15210. List the prime factors of c.
3, 5, 13
Suppose 0 = -1025*c + 1055*c - 60. Let x(g) = -686*g - 70. Let u(r) = 137*r + 14. Let y(q) = 11*u(q) + 2*x(q). What are the prime factors of y(c)?
2, 71
Let s be (-8)/(-28) - (-220)/14. Let x(l) = 13*l - 41. Let w(j) = 26*j - 81. Let n(p) = -2*w(p) + 5*x(p). What are the prime factors of n(s)?
3, 5, 11
Let a be 17/6 + -1 + (-35)/(-30). Suppose a*r + 2355 = 6*r. List the prime factors of r.
5, 157
Let s be (-12)/10*((-80)/(-24))/(-1). List the prime factors of 0 + s - (-1 - 1796/2).
3, 7, 43
Let v(f) = -f + 8. Let q be v(11). Let o = q + 3. Suppose -4*d - d + 550 = o. What are the prime factors of d?
2, 5, 11
Let t(y) = 25*y**3 - 2*y**2 + 13*y + 72. List the prime factors of t(13).
2, 3, 1523
Let y(j) = -13*j + 12*j + 7521*j**3 - 7533*j**3 - 2*j**2. Let d be 2/(1 + (-4)/2). List the prime factors of y(d).
2, 3, 5
Suppose 0 = -12*y + 16*y - 12. Let w = 92 - 65. Suppose w = y*a - 102. What are the prime factors of a?
43
Let l be ((-92)/(-69))/(4/(-1074)). Let h = 656 + l. List the prime factors of h.
2, 149
Suppose 9*n = 11*n - 10. Suppose n*q - 4*v = 3, -2*q + 0*q + 3*v = 3. Suppose -406 + 118 = -q*j - 2*b, -3*j + 282 = 4*b. What are the prime factors of j?
2, 7
Let x = 723 - 322. Suppose 0 = -d + 4 - 2. Suppose k - 5*w - x = -3*k, -d*w - 480 = -5*k. What are the prime factors of k?
2, 47
Let s(b) = 490*b + 10322. List the prime factors of s(83).
2, 3187
Let n be -2 - (-4)/3*(4 + -1). Let j be 12/84 + n/(-14). Suppose -114*x + 113*x + 203 = j. List the prime factors of x.
7, 29
Suppose -g + 4*k = -3*g + 26, -10 = -g - 3*k. Let m = g - 16. Suppose -2*c + m*y + 36 = 0, 4*c - 96 + 40 = 2*y. What are the prime factors of c?
2, 3
Suppose -u + k + 25 = 0, -7*u + 65 = -3*u + 3*k. Suppose 24*q - u*q - 12 = 0. Suppose -q*d + 364 + 141 = 5*w, 3*w - 303 = 3*d. List the prime factors of w.
101
List the prime factors of (-1120)/8400 - (0 - 74447*1/15).
7, 709
Let a be (-501)/5 + (-40)/50. Let y be a/(2/(-6)*3). Let z = y + -33. List the prime factors of z.
2, 17
Suppose -2*q - q - 22 = -4*s, 0 = -5*q + 4*s - 34. Let p(i) = i**3 + 14*i**2 + 31*i + 1. Let l be p(q). What are the prime factors of l - (2 + 3 - 3)?
101
Suppose -3537*t + 3536*t = -14728. What are the prime factors of t?
2, 7, 263
Let a(h) = 1 + 11*h**2 - 2*h**2 + 1 - 5 - h**3. Let b be a(9). What are the prime factors of b*2/(-4)*38?
3, 19
Suppose -4*x - 3*c + 27090 = 0, -3*x + 67*c = 68*c - 20320. What are the prime factors of (x/9 - -2)*(-6)/(-4)?
2, 283
Suppose c = -4*i + 9854, 0 = 3*c - 0*i + 4*i - 29538. List the prime factors of c.
2, 7, 19, 37
Let a(t) = 17*t**2 - 7*t + 2. Suppose 0 = 7*f + 36 - 78. List the prime factors of a(f).
2, 11, 13
Let y(i) = -i + 1. Let m(n) = 6*n + 10. Let j(l) = m(l) + 5*y(l). Let k be (-1530)/374 - (-1)/11. What are the prime factors of j(k)?
11
Let d(a) = 148*a**2 - 91*a - 128